st common factor of 1736 and 1201592.
56
What is the greatest common divisor of 2965 and 34501333?
593
What is the highest common divisor of 33 and 232965337?
11
What is the greatest common factor of 1085899 and 7843?
713
What is the greatest common divisor of 170272 and 90644?
68
Calculate the highest common divisor of 1636419 and 87.
3
What is the highest common divisor of 57 and 132308267?
19
Calculate the highest common divisor of 52312480 and 14080.
1760
Calculate the highest common divisor of 1118331 and 152892.
1233
What is the greatest common factor of 5723 and 124313?
59
Calculate the greatest common divisor of 2685 and 19655.
5
Calculate the highest common factor of 19693 and 266913.
47
Calculate the greatest common divisor of 18825625 and 175.
175
What is the greatest common factor of 18968 and 1192?
8
Calculate the greatest common factor of 1566 and 27579609.
783
What is the greatest common factor of 22683095 and 25?
5
What is the greatest common factor of 84 and 36393861?
21
What is the highest common divisor of 270 and 722730?
30
What is the highest common divisor of 983804031 and 63?
63
Calculate the greatest common factor of 13 and 4327739.
13
What is the highest common factor of 1970 and 359503330?
1970
What is the highest common divisor of 12625 and 210686?
101
Calculate the highest common factor of 193 and 28999601.
193
Calculate the highest common factor of 1053 and 2951667.
27
What is the highest common factor of 66640 and 34174080?
1360
Calculate the highest common factor of 2000 and 1776700.
100
What is the greatest common divisor of 1227842 and 569500?
2278
Calculate the greatest common divisor of 930 and 13767930.
30
Calculate the greatest common divisor of 38636000 and 325.
325
Calculate the greatest common divisor of 174 and 429681.
3
Calculate the highest common divisor of 37439367 and 166713.
2733
What is the highest common divisor of 1386 and 91599354?
1386
What is the highest common divisor of 3081 and 160836?
39
What is the highest common divisor of 14712072 and 337?
337
Calculate the greatest common divisor of 254 and 392780266.
254
What is the highest common divisor of 290221966 and 6?
2
Calculate the highest common divisor of 786756834 and 18.
18
What is the highest common divisor of 5599044 and 3630?
66
What is the highest common factor of 245196 and 28332?
36
What is the highest common divisor of 734912226 and 15996?
7998
What is the highest common factor of 8717 and 83191?
23
What is the greatest common divisor of 915 and 201600?
15
Calculate the highest common divisor of 3528 and 1684424.
392
What is the greatest common divisor of 57885850 and 3740?
1870
Calculate the highest common divisor of 127 and 11230483.
127
What is the greatest common divisor of 30 and 45012270?
30
What is the highest common factor of 22688640 and 10880?
640
Calculate the greatest common divisor of 2401589 and 1287635.
5989
What is the highest common divisor of 2570 and 1203788?
514
What is the greatest common divisor of 1399304 and 8704?
136
What is the greatest common divisor of 16715846 and 42?
14
What is the greatest common divisor of 3348540 and 40545?
2385
Calculate the greatest common divisor of 47 and 1737966.
47
Calculate the greatest common factor of 2967 and 452709.
69
Calculate the greatest common divisor of 5060 and 1054602670.
2530
What is the highest common divisor of 15 and 7057555?
5
What is the greatest common divisor of 6720 and 230628?
12
What is the highest common factor of 307 and 4137132?
307
Calculate the highest common divisor of 413 and 1139334.
7
Calculate the greatest common factor of 1659726 and 228.
114
Calculate the highest common divisor of 1071469 and 413.
7
What is the highest common divisor of 104 and 332626268?
52
What is the greatest common factor of 1181580 and 2209?
47
What is the highest common divisor of 16761 and 85692?
111
What is the highest common divisor of 9682130 and 30?
10
What is the highest common divisor of 6321 and 12633873?
903
Calculate the greatest common divisor of 3534 and 2535738.
186
Calculate the greatest common divisor of 2176 and 585480.
136
What is the greatest common factor of 6715 and 1765025?
85
Calculate the greatest common divisor of 1715432 and 4232.
184
What is the greatest common divisor of 759030 and 5790?
30
Calculate the greatest common divisor of 718170 and 98790.
1110
Calculate the highest common divisor of 285608332 and 124.
124
Calculate the highest common factor of 89869013 and 226.
113
Calculate the highest common divisor of 16170 and 3003693.
231
What is the highest common divisor of 2864 and 16878560?
16
Calculate the highest common factor of 101567186 and 2968.
742
Calculate the greatest common divisor of 192 and 32853824.
64
What is the greatest common divisor of 66 and 1961590906?
22
What is the highest common divisor of 273960 and 27360?
360
Calculate the greatest common factor of 459 and 3665795.
17
What is the greatest common factor of 19346089 and 13054?
61
What is the greatest common factor of 10664 and 411928?
248
What is the greatest common factor of 4026169 and 79716?
511
What is the greatest common factor of 1513765 and 782595?
935
What is the greatest common divisor of 15716832 and 6360?
1272
Calculate the highest common factor of 125 and 8404975.
25
What is the highest common divisor of 308861 and 49?
7
Calculate the greatest common divisor of 18491198 and 745.
149
Calculate the greatest common factor of 216678 and 61182.
66
What is the highest common divisor of 653 and 11634501?
653
Calculate the greatest common divisor of 10103745 and 24360.
435
What is the highest common divisor of 443244 and 7095?
129
What is the greatest common factor of 62502327 and 6?
3
Calculate the greatest common divisor of 1175585743 and 82.
41
What is the greatest common factor of 30400 and 8267200?
1600
Calculate the highest common divisor of 10977910 and 1220.
10
What is the greatest common divisor of 223248 and 84?
12
What is the greatest common factor of 395513807 and 923?
923
What is the greatest common factor of 192129 and 31353?
21
Calculate the highest common factor of 8024 and 39355.
17
Calculate the highest common factor of 679 and 16302208.
97
Calculate the highest common factor of 66220 and 61530.
70
Calculate the greatest common divisor of 15386 and 79296.
14
Calculate the highest common divisor of 795702 and 45849.
1479
What is the greatest common factor of 7574663 and 6940?
347
Calculate the highest common factor of 126 and 344094681.
21
Calculate the greatest common factor of 56966522 and 1805.
361
What is the highest common divisor of 18200 and 393400?
1400
Calculate the highest common divisor of 10150008 and 2568.
24
Calculate the greatest common factor of 63208043 and 157.
157
What is the highest common factor of 1072388950 and 6124?
3062
What is the highest common divisor of 117 and 3638541?
3
Calculate the greatest common factor of 415950 and 138885.
705
Calculate the greatest common divisor of 310 and 3062645.
155
What is the greatest common factor of 10198392 and 240?
24
What is the highest common divisor of 3670 and 6408630?
10
Calculate the highest common factor of 3757383 and 172.
43
What is the highest common factor of 426114179 and 463?
463
Calculate the highest common divisor of 69139620 and 3465.
495
Calculate the highest common factor of 150 and 121658.
2
Calculate the greatest common divisor of 7822 and 421989078.
7822
Calculate the greatest common factor of 809856 and 10878.
222
What is the greatest common factor of 16 and 25593328?
16
What is the highest common divisor of 629 and 618453557?
629
What is the greatest common divisor of 894954 and 24?
6
Calculate the highest common factor of 1667880 and 12546.
738
Calculate the highest common divisor of 1785147 and 845.
169
What is the highest common factor of 89606816 and 364?
52
Calculate the greatest common divisor of 219 and 693500.
73
Calculate the greatest common factor of 15084185 and 645.
215
Calculate the greatest common factor of 12189 and 17267989.
239
What is the highest common factor of 620 and 9505406?
62
What is the highest common factor of 331270 and 276410?
2110
What is the greatest common divisor of 41850 and 3420540?
2790
Calculate the highest common div